{"id":146,"date":"2021-06-28T11:22:25","date_gmt":"2021-06-28T14:22:25","guid":{"rendered":"http:\/\/cromag.com.br\/?page_id=146"},"modified":"2023-10-16T12:24:43","modified_gmt":"2023-10-16T15:24:43","slug":"contadoras-de-certificado-de-contribuicao","status":"publish","type":"page","link":"https:\/\/cromag.com.br\/?page_id=146","title":{"rendered":"CONTADORAS DE CERTIFICADO DE CONTRIBUI\u00c7\u00c3O"},"content":{"rendered":"<div id=\"pl-146\"  class=\"panel-layout\" ><div id=\"pg-146-0\"  class=\"panel-grid panel-no-style\" ><div id=\"pgc-146-0-0\"  class=\"panel-grid-cell\" ><div id=\"panel-146-0-0-0\" class=\"so-panel widget widget_sow-editor panel-first-child\" data-index=\"0\" ><div class=\"so-widget-sow-editor so-widget-sow-editor-base\">\n<div class=\"siteorigin-widget-tinymce textwidget\">\n\t<span class=\"\" style=\"display:block;clear:both;height: 0px;padding-top: 30px;border-top-width:0px;border-bottom-width:0px;\"><\/span>\n<\/div>\n<\/div><\/div><div id=\"panel-146-0-0-1\" class=\"so-panel widget widget_sow-headline panel-last-child\" data-index=\"1\" ><div class=\"so-widget-sow-headline so-widget-sow-headline-default-a16411092115-146\"><div class=\"sow-headline-container \">\n\t<h1 class='sow-headline'>CONTADORAS DE CERTIFICADO DE CONTRIBUI\u00c7\u00c3O<\/h1>\t\t\t\t\t<div class=\"decoration\">\n\t\t\t\t\t\t<div class=\"decoration-inside\"><\/div>\n\t\t\t\t\t<\/div>\n\t\t\t\t\t<\/div><\/div><\/div><\/div><\/div><div id=\"pg-146-1\"  class=\"panel-grid panel-no-style\" ><div id=\"pgc-146-1-0\"  class=\"panel-grid-cell\" ><div id=\"panel-146-1-0-0\" class=\"so-panel widget widget_sow-image panel-first-child\" data-index=\"2\" ><div class=\"so-widget-sow-image so-widget-sow-image-default-6b88c04c1f9b-146\">\n\t<h3 class=\"widget-title\">T\u00edtulo de Capitaliza\u00e7\u00e3o<\/h3>\n<div class=\"sow-image-container\">\n\t<img src=\"https:\/\/cromag.com.br\/wp-content\/uploads\/2021\/06\/TC_03.png\" width=\"450\" height=\"374\" srcset=\"https:\/\/cromag.com.br\/wp-content\/uploads\/2021\/06\/TC_03.png 450w, https:\/\/cromag.com.br\/wp-content\/uploads\/2021\/06\/TC_03-300x249.png 300w, https:\/\/cromag.com.br\/wp-content\/uploads\/2021\/06\/TC_03-108x90.png 108w\" sizes=\"(max-width: 450px) 100vw, 450px\" title=\"T\u00edtulo de Capitaliza\u00e7\u00e3o\" alt=\"\" loading=\"lazy\" \t\tclass=\"so-widget-image\"\/>\n<\/div>\n\n<\/div><\/div><div id=\"panel-146-1-0-1\" class=\"so-panel widget widget_sow-button panel-last-child\" data-index=\"3\" ><div class=\"so-widget-sow-button so-widget-sow-button-atom-b4f6b6b19f96-146\"><div class=\"ow-button-base ow-button-align-center\">\n\t<a href=\"https:\/\/cromag.com.br\/?page_id=198\" class=\"ow-icon-placement-left ow-button-hover\" \t\t>\n\t\t<span>\n\t\t\t\n\t\t\tSaiba Mais...\t\t<\/span>\n\t<\/a>\n<\/div>\n<\/div><\/div><\/div><div id=\"pgc-146-1-1\"  class=\"panel-grid-cell panel-grid-cell-mobile-last\" ><div id=\"panel-146-1-1-0\" class=\"so-panel widget widget_sow-image panel-first-child\" data-index=\"4\" ><div class=\"so-widget-sow-image so-widget-sow-image-default-6b88c04c1f9b-146\">\n\t<h3 class=\"widget-title\">Contadora Tele Sena<\/h3>\n<div class=\"sow-image-container\">\n\t<img src=\"https:\/\/cromag.com.br\/wp-content\/uploads\/2023\/10\/Tele_sena_000.png\" width=\"450\" height=\"374\" srcset=\"https:\/\/cromag.com.br\/wp-content\/uploads\/2023\/10\/Tele_sena_000.png 450w, https:\/\/cromag.com.br\/wp-content\/uploads\/2023\/10\/Tele_sena_000-300x249.png 300w, https:\/\/cromag.com.br\/wp-content\/uploads\/2023\/10\/Tele_sena_000-108x90.png 108w\" sizes=\"(max-width: 450px) 100vw, 450px\" title=\"Contadora Tele Sena\" alt=\"\" loading=\"lazy\" \t\tclass=\"so-widget-image\"\/>\n<\/div>\n\n<\/div><\/div><div id=\"panel-146-1-1-1\" class=\"so-panel widget widget_sow-button panel-last-child\" data-index=\"5\" ><div class=\"so-widget-sow-button so-widget-sow-button-atom-b4f6b6b19f96-146\"><div class=\"ow-button-base ow-button-align-center\">\n\t<a href=\"https:\/\/cromag.com.br\/?page_id=518\" class=\"ow-icon-placement-left ow-button-hover\" \t\t>\n\t\t<span>\n\t\t\t\n\t\t\tSaiba Mais...\t\t<\/span>\n\t<\/a>\n<\/div>\n<\/div><\/div><\/div><div id=\"pgc-146-1-2\"  class=\"panel-grid-cell panel-grid-cell-empty\" ><\/div><\/div><\/div>","protected":false},"excerpt":{"rendered":"<p>CONTADORAS DE CERTIFICADO DE CONTRIBUI\u00c7\u00c3O T\u00edtulo de Capitaliza\u00e7\u00e3o Saiba Mais&#8230; Contadora Tele Sena Saiba Mais&#8230;<\/p>\n","protected":false},"author":1,"featured_media":0,"parent":0,"menu_order":0,"comment_status":"closed","ping_status":"closed","template":"","meta":[],"_links":{"self":[{"href":"https:\/\/cromag.com.br\/index.php?rest_route=\/wp\/v2\/pages\/146"}],"collection":[{"href":"https:\/\/cromag.com.br\/index.php?rest_route=\/wp\/v2\/pages"}],"about":[{"href":"https:\/\/cromag.com.br\/index.php?rest_route=\/wp\/v2\/types\/page"}],"author":[{"embeddable":true,"href":"https:\/\/cromag.com.br\/index.php?rest_route=\/wp\/v2\/users\/1"}],"replies":[{"embeddable":true,"href":"https:\/\/cromag.com.br\/index.php?rest_route=%2Fwp%2Fv2%2Fcomments&post=146"}],"version-history":[{"count":29,"href":"https:\/\/cromag.com.br\/index.php?rest_route=\/wp\/v2\/pages\/146\/revisions"}],"predecessor-version":[{"id":527,"href":"https:\/\/cromag.com.br\/index.php?rest_route=\/wp\/v2\/pages\/146\/revisions\/527"}],"wp:attachment":[{"href":"https:\/\/cromag.com.br\/index.php?rest_route=%2Fwp%2Fv2%2Fmedia&parent=146"}],"curies":[{"name":"wp","href":"https:\/\/api.w.org\/{rel}","templated":true}]}}