{"id":138,"date":"2021-06-28T11:15:30","date_gmt":"2021-06-28T14:15:30","guid":{"rendered":"http:\/\/cromag.com.br\/?page_id=138"},"modified":"2021-06-28T11:19:30","modified_gmt":"2021-06-28T14:19:30","slug":"contadora-bilhete-premiado","status":"publish","type":"page","link":"https:\/\/cromag.com.br\/?page_id=138","title":{"rendered":"Contadora Bilhete Premiado"},"content":{"rendered":"<div id=\"pl-138\"  class=\"panel-layout\" ><div id=\"pg-138-0\"  class=\"panel-grid panel-no-style\" ><div id=\"pgc-138-0-0\"  class=\"panel-grid-cell\" ><div id=\"panel-138-0-0-0\" class=\"so-panel widget widget_sow-editor panel-first-child\" data-index=\"0\" ><div class=\"so-widget-sow-editor so-widget-sow-editor-base\">\n<div class=\"siteorigin-widget-tinymce textwidget\">\n\t<span class=\"\" style=\"display:block;clear:both;height: 0px;padding-top: 30px;border-top-width:0px;border-bottom-width:0px;\"><\/span>\n<\/div>\n<\/div><\/div><div id=\"panel-138-0-0-1\" class=\"so-panel widget widget_sow-headline panel-last-child\" data-index=\"1\" ><div class=\"so-widget-sow-headline so-widget-sow-headline-default-f2f025d10fff-138\"><div class=\"sow-headline-container \">\n\t<h1 class='sow-headline'>CONTADORAS BILHETE PREMIADO<\/h1>\t\t\t\t\t<div class=\"decoration\">\n\t\t\t\t\t\t<div class=\"decoration-inside\"><\/div>\n\t\t\t\t\t<\/div>\n\t\t\t\t\t<h3 class='sow-sub-headline'>CERTIFICADO DE CONTRIBUI\u00c7\u00c3O<\/h3><\/div><\/div><\/div><\/div><\/div><div id=\"pg-138-1\"  class=\"panel-grid panel-no-style\" ><div id=\"pgc-138-1-0\"  class=\"panel-grid-cell\" ><div id=\"panel-138-1-0-0\" class=\"so-panel widget widget_sow-editor panel-first-child\" data-index=\"2\" ><div class=\"so-widget-sow-editor so-widget-sow-editor-base\"><h3 class=\"widget-title\">Caracter\u00edsticas t\u00e9cnicas<\/h3>\n<div class=\"siteorigin-widget-tinymce textwidget\">\n\t<div class=\"siteorigin-widget-tinymce textwidget\">\n<div class=\"siteorigin-widget-tinymce textwidget\">\n<div class=\"siteorigin-widget-tinymce textwidget\">\n<div class=\"siteorigin-widget-tinymce textwidget\">\n<p>Encontrar bilhete premiado entre 1 a 20 segundos em um lote de 200 t\u00edtulos;<br \/>\nMelhor rela\u00e7\u00e3o custo x benef\u00edcio do mercado;<br \/>\nProjetos Customizados<br \/>\nProduto 100% nacional.<\/p>\n<\/div>\n<\/div>\n<\/div>\n<\/div>\n<\/div>\n<\/div><\/div><div id=\"panel-138-1-0-1\" class=\"so-panel widget widget_sow-button\" data-index=\"3\" ><div class=\"so-widget-sow-button so-widget-sow-button-atom-26d68955a680-138\"><div class=\"ow-button-base ow-button-align-left\">\n\t<a href=\"http:\/\/cromag.com.br\/?page_id=130\" class=\"ow-icon-placement-left ow-button-hover\" \t\t>\n\t\t<span>\n\t\t\t\n\t\t\tSolicite Or\u00e7amento\t\t<\/span>\n\t<\/a>\n<\/div>\n<\/div><\/div><div id=\"panel-138-1-0-2\" class=\"so-panel widget widget_sow-editor panel-last-child\" data-index=\"4\" ><div class=\"so-widget-sow-editor so-widget-sow-editor-base\"><h3 class=\"widget-title\">INCLUSO NA LOCA\u00c7\u00c3O<\/h3>\n<div class=\"siteorigin-widget-tinymce textwidget\">\n\t<div class=\"siteorigin-widget-tinymce textwidget\">\n<p>- Manuten\u00e7\u00e3o<br \/>\n- Pe\u00e7as de reposi\u00e7\u00e3o<br \/>\n- Atendimento Help-Desk da 8:00 \u00e0s 17:00hs<a href=\"https:\/\/api.whatsapp.com\/send?l=pt&amp;phone=5511956493044\"><img style=\"height: 80px; position: fixed; bottom: 65px; right: 25px; z-index: 100;\" src=\"http:\/\/localhost\/igs\/wp-content\/uploads\/2018\/10\/whats.png\" data-selector=\"img\"><\/a><\/p>\n<\/div>\n<\/div>\n<\/div><\/div><\/div><div id=\"pgc-138-1-1\"  class=\"panel-grid-cell\" ><div id=\"panel-138-1-1-0\" class=\"so-panel widget widget_media_video panel-first-child panel-last-child\" data-index=\"5\" ><div style=\"width:100%;\" class=\"wp-video\"><!--[if lt IE 9]><script>document.createElement('video');<\/script><![endif]-->\n<video class=\"wp-video-shortcode\" id=\"video-138-1\" preload=\"metadata\" controls=\"controls\"><source type=\"video\/youtube\" src=\"https:\/\/youtu.be\/vPBug5z2wDA?_=1\" \/><a href=\"https:\/\/youtu.be\/vPBug5z2wDA\">https:\/\/youtu.be\/vPBug5z2wDA<\/a><\/video><\/div><\/div><\/div><\/div><div id=\"pg-138-2\"  class=\"panel-grid panel-no-style\" ><div id=\"pgc-138-2-0\"  class=\"panel-grid-cell\" ><div id=\"panel-138-2-0-0\" class=\"so-panel widget widget_sow-image panel-first-child panel-last-child\" data-index=\"6\" ><div class=\"so-widget-sow-image so-widget-sow-image-default-6b88c04c1f9b-138\">\n\t<h3 class=\"widget-title\"><\/h3>\n<div class=\"sow-image-container\">\n\t<img src=\"https:\/\/cromag.com.br\/wp-content\/uploads\/2021\/06\/CCP_04.png\" width=\"450\" height=\"374\" srcset=\"https:\/\/cromag.com.br\/wp-content\/uploads\/2021\/06\/CCP_04.png 450w, https:\/\/cromag.com.br\/wp-content\/uploads\/2021\/06\/CCP_04-300x249.png 300w, https:\/\/cromag.com.br\/wp-content\/uploads\/2021\/06\/CCP_04-108x90.png 108w\" sizes=\"(max-width: 450px) 100vw, 450px\" alt=\"\" loading=\"lazy\" \t\tclass=\"so-widget-image\"\/>\n<\/div>\n\n<\/div><\/div><\/div><div id=\"pgc-138-2-1\"  class=\"panel-grid-cell panel-grid-cell-mobile-last\" ><div id=\"panel-138-2-1-0\" class=\"so-panel widget widget_sow-image panel-first-child panel-last-child\" data-index=\"7\" ><div class=\"so-widget-sow-image so-widget-sow-image-default-6b88c04c1f9b-138\">\n\t<h3 class=\"widget-title\"><\/h3>\n<div class=\"sow-image-container\">\n\t<img src=\"https:\/\/cromag.com.br\/wp-content\/uploads\/2021\/06\/CCP_03.png\" width=\"450\" height=\"374\" srcset=\"https:\/\/cromag.com.br\/wp-content\/uploads\/2021\/06\/CCP_03.png 450w, https:\/\/cromag.com.br\/wp-content\/uploads\/2021\/06\/CCP_03-300x249.png 300w, https:\/\/cromag.com.br\/wp-content\/uploads\/2021\/06\/CCP_03-108x90.png 108w\" sizes=\"(max-width: 450px) 100vw, 450px\" alt=\"\" loading=\"lazy\" \t\tclass=\"so-widget-image\"\/>\n<\/div>\n\n<\/div><\/div><\/div><div id=\"pgc-138-2-2\"  class=\"panel-grid-cell panel-grid-cell-empty\" ><\/div><\/div><\/div>","protected":false},"excerpt":{"rendered":"<p>Encontrar bilhete premiado entre 1 a 20 segundos em um lote de 200 t\u00edtulos; Melhor rela\u00e7\u00e3o custo x benef\u00edcio do mercado; Projetos Customizados Produto 100% nacional. &#8211; Manuten\u00e7\u00e3o &#8211; Pe\u00e7as de reposi\u00e7\u00e3o &#8211; Atendimento Help-Desk da 8:00 \u00e0s 17:00hs<\/p>\n","protected":false},"author":1,"featured_media":0,"parent":0,"menu_order":0,"comment_status":"closed","ping_status":"closed","template":"","meta":[],"_links":{"self":[{"href":"https:\/\/cromag.com.br\/index.php?rest_route=\/wp\/v2\/pages\/138"}],"collection":[{"href":"https:\/\/cromag.com.br\/index.php?rest_route=\/wp\/v2\/pages"}],"about":[{"href":"https:\/\/cromag.com.br\/index.php?rest_route=\/wp\/v2\/types\/page"}],"author":[{"embeddable":true,"href":"https:\/\/cromag.com.br\/index.php?rest_route=\/wp\/v2\/users\/1"}],"replies":[{"embeddable":true,"href":"https:\/\/cromag.com.br\/index.php?rest_route=%2Fwp%2Fv2%2Fcomments&post=138"}],"version-history":[{"count":5,"href":"https:\/\/cromag.com.br\/index.php?rest_route=\/wp\/v2\/pages\/138\/revisions"}],"predecessor-version":[{"id":145,"href":"https:\/\/cromag.com.br\/index.php?rest_route=\/wp\/v2\/pages\/138\/revisions\/145"}],"wp:attachment":[{"href":"https:\/\/cromag.com.br\/index.php?rest_route=%2Fwp%2Fv2%2Fmedia&parent=138"}],"curies":[{"name":"wp","href":"https:\/\/api.w.org\/{rel}","templated":true}]}}